 b be o(1). Suppose -b*v + 12*v + c = 0. Is v composite?
False
Let g(f) = 130*f**2 - 3*f. Let n be g(-3). Suppose 0 = -8*w + 237 + n. Is w prime?
False
Let p be -4 + (-26)/(-2)*683. Suppose -4*z = 5*l - p, 5*z + 3001 - 14067 = 3*l. Is z composite?
True
Let l = -352 + 585. Is l prime?
True
Suppose 0 = -2*z - 4, 20164 = 3*w + w - 4*z. Suppose -5*j - w = -20544. Is j a prime number?
False
Let x be (20/6)/((-4)/18). Let g = -8 - x. Suppose 2*y - g*y + 30 = -r, 0 = 4*y + 2*r - 38. Is y a prime number?
True
Suppose 4*p + 4*c = -84, -4*c = -2*p - 8 - 46. Let t(g) = -48*g**3 + 2*g**2 + 3*g. Let o be t(-2). Let j = o - p. Is j a prime number?
True
Suppose z - 5*z = -3*b - 23615, -b + 23627 = 4*z. Is z a prime number?
False
Let z = -1051 - -4178. Is z composite?
True
Let p(f) = 101*f + 4. Let y be 18/(-3) - -3 - -9. Let x = -3 + y. Is p(x) a composite number?
False
Suppose 3*o - 2*h + 5 = -7*h, 5 = -o - 5*h. Let l be 0*(o - (-2)/(-4)). Suppose l = -3*g + 180 + 21. Is g a composite number?
False
Suppose -2*n = -4*l - 2, 2*l - 14 = 2*n + 2*n. Let s(a) = -29*a**3 - a**2 - 8*a - 4. Let u be s(l). Let k = -547 + u. Is k a prime number?
False
Let a(l) = -l**2 - l + 4. Let x be a(0). Suppose 0 = -x*o + w + 335, -3*w - 3 = 6. Let k = 268 - o. Is k prime?
False
Let c be (100/30)/((-2)/(-21)). Let t = 514 - c. Is t a prime number?
True
Let j = 229 + -381. Let p = 990 + j. Is p a composite number?
True
Let d(g) = 1585*g**2 + 22*g + 20. Is d(-1) a composite number?
False
Suppose -2*i + f + 2*f = -1, -f - 7 = -2*i. Let t(n) be the second derivative of 3*n**5/20 - 5*n**3/6 + 5*n**2/2 + 15*n + 1. Is t(i) a prime number?
False
Let l(n) = n - 1. Let c be l(6). Suppose -4*j = -m + 28 + 18, -c*m = 3*j - 138. Is (m/24)/(3/708) a composite number?
True
Let l = 11 + -8. Suppose -2617 = -5*j - y, -4*j - l*y = y - 2084. Is j/9 - 18/81 a prime number?
False
Let a be (3/((-15)/6905))/(-1). Let w = -636 + a. Is w a composite number?
True
Let b(d) = 2*d**2 - 2*d + 2. Let f be b(3). Suppose -f*t = -24*t + 48910. Is t composite?
True
Let c(j) = 3 + 3*j + 2*j**2 + 39*j**2 + 59*j**2. Suppose 0 = 3*y + 2*r - 4, 5*y + r + 8 = 3. Is c(y) prime?
True
Suppose -2 + 4 = a. Let t(m) = -m**3 - m**a - 27 + 2*m**3 + 82 + m. Is t(0) prime?
False
Let m(w) = 16*w - 161. Is m(18) a prime number?
True
Suppose -3 = -x - 0. Suppose u = -x - 4. Let p(b) = -b**2 - 9*b + 5. Is p(u) a composite number?
False
Let w(h) = 21*h**2 + 9*h + 13. Is w(11) composite?
True
Suppose -26467 - 190050 = -7*s. Is s prime?
True
Let x(w) be the first derivative of w**2/2 - 8*w - 7. Let p be x(8). Suppose -s + 205 = -p*s. Is s composite?
True
Suppose 4*b - 3*b = 3. Is (12/16)/(b/156) prime?
False
Let k be (-10)/(-25) + 8/5. Suppose -5*l - k = -12. Suppose 0 = -l*h + 67 + 99. Is h a prime number?
True
Let o(r) = 68*r**2 - 22*r - 157. Is o(-28) composite?
True
Let j(w) = 228*w**2 + 4. Let h(y) = -y**2 + 10*y - 6. Let r be h(9). Let s be j(r). Is (s/(-16))/((-1)/2) a composite number?
False
Let z be -3*(-4)/12*1. Let k(r) = z + 3*r - 2*r + 4*r. Is k(1) prime?
False
Suppose y - 99 = 548. Let d = -240 + y. Is d composite?
True
Let k = -2983 - -5444. Is k a composite number?
True
Suppose 7*c - 26576 = 23271. Is c a prime number?
True
Suppose 5*h - 3*h + 8 = 2*k, 0 = -5*k - 2*h + 13. Let m = 198 + -198. Suppose 5*a - 3*y = 4*a + 133, m = k*a + y - 349. Is a composite?
True
Suppose -23956 = -26*g + 12678. Is g prime?
True
Let f = 5 + 5. Is (11740/(-25))/((-4)/f + 0) a prime number?
False
Suppose 0 = o + 3*q - 4, -2*o - o = 2*q + 2. Let s be (o - -3)*(0 + 0). Suppose -c - 3*r + 402 = -4*r, s = 5*c + r - 1980. Is c composite?
False
Let u = 609 - -542. Is u prime?
True
Let k(x) = -x**2 + 19*x + 5. Let c be k(20). Is 8980/c*-3 + 3/(-1) a prime number?
False
Let q be -1488*((-4)/6 + (-8)/(-6)). Let r = 1401 + q. Is r a composite number?
False
Suppose -l = 5*h - 2609, -12*h = -4*l - 14*h + 10400. Is l prime?
False
Let k(m) = 214*m**2 + 5*m - 123. Is k(10) a prime number?
False
Let b(p) = -39*p**3 + 13*p**2 - 10*p - 47. Is b(-9) composite?
False
Suppose 3*f - 2*f - 5 = 0. Suppose -23 - 6 = -s + 5*o, -f*s + 91 = 2*o. Is s a prime number?
True
Let c be ((-14)/(-6) - 3)/((-8)/1932). Suppose 2*g = -0*g + 8. Suppose -3*m = -g*m + c. Is m a prime number?
False
Let n = 12666 - 5303. Is n composite?
True
Suppose 11*f - 56 = 3*f. Is (-1481)/(-2)*(f + -5) a composite number?
False
Let x(i) = -216*i**2 - 2*i + 1. Let r(j) be the second derivative of -j**4/12 + 4*j. Let m(s) = 6*r(s) - x(s). Is m(1) composite?
False
Suppose 70 = -2*i - 832. Is (14/8)/7 - i/4 a prime number?
True
Suppose -3*g - m - 14 = 0, -g + 5*m - 4*m = 2. Let q be (-6)/(-1) - (g + 8). Is (q/5)/(4/2780) prime?
False
Let z(h) = 21*h**2 + 31*h + 87. Is z(-25) a prime number?
True
Let v = -5 + 1. Let l be -6 + (-4)/v*4. Is 92/l*7/(-2) composite?
True
Let k(w) be the second derivative of -14*w**3/3 + 3*w**2/2 + 24*w. Is k(-26) prime?
False
Let k(a) = 18*a**2 + a - 12. Let o be k(7). Suppose 3*f = -n - 0*n + o, 0 = 5*n + f - 4385. Is n composite?
False
Let j(k) = 3*k - 15. Let y be j(6). Let a(m) = -92*m**3 - m**2 + 1. Let t be a(-1). Suppose -2*x = -x - s - t, -y*x - 3*s + 246 = 0. Is x composite?
True
Suppose 4*c - 11*c = -980. Let w = 3499 - c. Is w prime?
True
Let o = 2399 - -13436. Is o a prime number?
False
Suppose 0 = -c - 2*b + 5, 2*c - 3*b + 2 - 5 = 0. Suppose 5*p = c*p + 678. Is p a prime number?
False
Let t be (417/6)/(1/62). Suppose -3681 = -2*b + t. Is b/15 - 6/(-9) composite?
True
Is ((-2)/4)/(3*(-1)/5322) a prime number?
True
Suppose -5*f + 4*f = -1. Suppose h + 1 = -0, g + h = -f. Suppose -5*u = g, 0*u - 385 = -5*z - 2*u. Is z a composite number?
True
Is (-79 - -2844) + (1*-12)/2 composite?
True
Suppose -n - v = -4249, -4*n - 12747 = -7*n + 3*v. Is n a composite number?
True
Suppose 0 = 9*k - 14*k. Suppose k = -4*q + 3*q + 3413. Is q prime?
True
Suppose 0 = -5*r - 3*b + 24, -2*r + b = r - 6. Suppose -w + 2*w - 1257 = -5*j, -1010 = -4*j - r*w. Is j a composite number?
False
Suppose 15 = 2*k - k. Let m = -14 + k. Is (99/(-9))/((-1)/m) composite?
False
Suppose -4*d + 4*b + 11360 = 0, -b + 1297 + 1545 = d. Is d a composite number?
True
Let t = 29842 - 17475. Is t prime?
False
Is ((-2)/(-5))/(-10*3/(-137850)) a composite number?
True
Let l = 11 + -31. Is (l/6)/(16/(-9528)) prime?
False
Let y(z) = 110*z**2 - 225*z**2 + 17*z**3 + 116*z**2 + 5 - z. Is y(2) composite?
True
Let h(o) = 13*o - 7. Suppose 0 = -4*x - 8 + 56. Suppose -27 + x = -3*i. Is h(i) a prime number?
False
Let t(x) = -2*x - 10. Let n be t(-7). Let h = -15 + n. Let g(o) = o**3 + 12*o**2 + 7*o - 7. Is g(h) composite?
False
Let q(o) = 18*o + 13. Let m(v) = 18*v + 14. Let r(y) = -4*m(y) + 3*q(y). Let t(x) = -2*x**3 + 2*x**2. Let k be t(2). Is r(k) a composite number?
False
Let y(m) = 4*m**3 - 4*m**2 + 2*m + 5. Let z be (2/6)/(2/30). Is y(z) prime?
False
Let m(s) = -49*s**3 - s**2 + 1. Let i be m(1). Let r = 212 + i. Is r composite?
False
Is 14126/7 + 0/(-1) prime?
False
Let h = -39 + 42. Suppose 24999 = h*i - 1818. Is i prime?
False
Let i(t) = -t**2 + 9*t + 26. Let d be i(11). Is (99700/40)/(2/d) a composite number?
True
Suppose 0*h - 2*h = 3*c - 10113, -6742 = -2*c + 3*h. Is c prime?
True
Is 9/24 + (-1675331)/(-56) prime?
True
Suppose 0 = m, -2*a + 11626 - 3340 = 3*m. Is a prime?
False
Suppose -97*s + 1077 = -96*s. Is s prime?
False
Let m(u) = -678*u - 2. Let z(b) = -1355*b - 3. Let t(v) = -7*m(v) + 3*z(v). Is t(4) prime?
True
Is ((-2746)/6)/(4/(-12)) a composite number?
False
Suppose -y = 4*m - 8, 7*m - 3*y - 21 = 4*m. Suppose 1855 = m*w + 2*w. Is w a composite number?
True
Let f(y) = 499*y**2 + 6*y - 46. Is f(-9) composite?
True
Suppose 3*c - 5*m + 13 = -m, 4*c = m. Is 2 + 0 + c + (535 - -3) a prime number?
True
Let j(o) = 60*o**2 - 81*o - 28. Is j(13) composite?
False
Let m(l) = 8*l**2 - 10*l + 9. Suppose -2*c - 1 = -3*v, -6*c + 2*c = -v - 23. Is m(c) a prime number?
True
Is -508*(-1 + (4 - (-395)/(-20))) a composite number?
True
Let v(m) = 43*m**2 - 12*m - 6. Is v(5) composite?
False
Let b = 519 + 92. Is b prime?
False
Let x(l) = l**3 + 6*l**2 - 3*l + 17519. Is x(0) a composite number?
False
Let z be 2/((-1)/4*2). Let c be 2/(z + 36/8). Suppose -2*j = 0, -c*y = -8*y - 5*j + 636. Is y composite?
True
Suppose 